 by u(3)?
126
Suppose 118*b + 23*b - 540 - 729 = 0. What is the remainder when 211 is divided by b?
4
Suppose -175*l + 37*l = -828. Calculate the remainder when 261 is divided by l.
3
Suppose 4*j - d = 128, 0*d - 4*d - 149 = -5*j. Suppose 5*t + 5*x - 40 = 0, -6*t + 4*t + 2*x = -28. What is the remainder when j is divided by t?
0
Let x(g) = -g**3 + 5*g**2 - 2*g + 5. Let i be x(0). Suppose 0 = -3*n - 5*f + 271 + 330, 2*n - 434 = i*f. Calculate the remainder when n is divided by 54.
45
Suppose -38*w + 23511 + 27409 = 0. Calculate the remainder when w is divided by 61.
59
Let v = 30 - 13. Calculate the remainder when 150/50*(26 - (1 - 2)) is divided by v.
13
Let v be (-3)/18 - 7/(-42). Suppose -27*o + 17*o + 1320 = v. What is the remainder when o is divided by 45?
42
Suppose -4*q = 4*j - 8280, -4*j - 5*q = -7*j + 6242. Calculate the remainder when j is divided by 58.
44
Let x(k) = -27*k**2 - 326*k + 58. Calculate the remainder when 291 is divided by x(-12).
45
Let p = 479 - 148. Suppose 6*b = p + 125. Suppose x = 2, -2*t = 3*t + 3*x - b. What is the remainder when t is divided by 7?
0
Let o(j) = -8*j**3 + 4*j**2 - 5*j - 3. Let p be o(4). Let z = p - -482. Let f = 50 - 10. What is the remainder when f is divided by z?
7
Let a = 598 + -422. Suppose -t + 119 = 2*l - 2*t, -3*l = -4*t - a. What is the remainder when l is divided by 16/5*(2 - -3)?
12
Let v(p) = 7*p**2 - p - 10. Let s be v(-2). Suppose 132 - 752 = -s*h. What is the remainder when h is divided by 10?
1
Calculate the remainder when (-3)/1 + (-128145)/(-165) - 32/(-88) is divided by 27.
18
Let w(c) = -c - 3. Let o be w(-3). Suppose 29*m = -42*m + 1420. What is the remainder when m is divided by 2/(-2)*(-11 + o)?
9
Let q = -96 - -6023. What is the remainder when q is divided by 121?
119
Let m be (-1)/((-8)/(-10) + -1). Suppose 3*l = 5*s + 44, m*s = 2*l + s - 32. What is the remainder when (-7 + 56 - 0) + -4 is divided by l?
5
Suppose -11*a + 3*i = -15*a + 1860, 2*a - 5*i = 930. What is the remainder when a is divided by 13?
10
Let x(w) = w**3 - 21*w**2 - 30*w + 234. What is the remainder when 138 is divided by x(22)?
22
Suppose -3*r + 3*d = -42, -5*r = -4*d - 24 - 43. Suppose 0 = -r*s + 956 - 219. Calculate the remainder when s is divided by 17.
16
Let u(c) = 3000*c**2 + 73*c + 70. What is the remainder when u(-1) is divided by 999?
0
Let k = -5733 - -10545. What is the remainder when k is divided by 9?
6
Let w = -591 - -622. Calculate the remainder when 55 is divided by w/(1/(-9)*-9).
24
Let c(x) = 2813*x**2 + 8*x - 6. Calculate the remainder when c(1) is divided by 88.
87
Let b(g) = 37*g - 47. Let q = 306 - 302. What is the remainder when b(q) is divided by 9?
2
Let t = -4281 - -4330. Calculate the remainder when 91 is divided by t.
42
Let j(o) = o**3 - 5*o**2 - 3*o + 1. Let f be j(6). Let a = -6 + f. Calculate the remainder when 39 + -38 - -3*3/(36/188) is divided by a.
9
Let u(l) = l + 53. Let z(i) = -24*i**2 + 145*i + 9. Calculate the remainder when u(0) is divided by z(6).
8
Let q = 4567 + -4408. What is the remainder when q is divided by 29?
14
Suppose 2345 = 16*w - 2903. What is the remainder when w is divided by 166?
162
Let k = 118 + -101. Suppose -4*w - 233 = 3*z - 3*w, -2*z + 4*w = 174. Let u = z - -144. Calculate the remainder when u is divided by k.
14
Let x = 156 - 56. Let j = -107681 - -107720. Calculate the remainder when x is divided by j.
22
Let r = -3645 + 3655. Calculate the remainder when 246 is divided by r.
6
Suppose 14730 = 2*o - x, 2*o + 14*x - 14722 = 11*x. Calculate the remainder when o is divided by 53.
50
Let n be ((-5)/4)/(26/(-8) + 3). Suppose -12 = 4*r + j, -8 = -n*j + 3*j. Calculate the remainder when 36 is divided by (12/(-18))/(r/78).
10
Calculate the remainder when 1273 is divided by 1540/(-2)*((-218)/(-1090) - 1/1).
41
Suppose 0 = 11*n + 279 - 1665. Calculate the remainder when n is divided by 22.
16
Suppose -3*b + 453 = 2*n, -n + 0*n + 4*b + 221 = 0. Suppose -4*h - n = -5*h. What is the remainder when h is divided by 21?
15
Suppose 2*u - 10*u = 7*u - 20130. What is the remainder when u is divided by 89?
7
Let d(l) = -l + 3. Let c be d(-2). Suppose 11*z = -2*z + 390. Calculate the remainder when 94 is divided by z + (3 - 4) - c.
22
Let v(r) = r**3 - 3*r**2 - 17*r + 52. Calculate the remainder when 1046 is divided by v(5).
9
What is the remainder when 2/(-4)*(-20)/((-19)/((-106305)/6)) is divided by 19?
15
Let s(r) be the third derivative of 5*r**4/24 - 61*r**3/3 + 32*r**2 + 2. Calculate the remainder when s(40) is divided by 27.
24
Suppose -4*g + 250 = -3*l, 0*g = 2*l + 4*g + 140. Let t = -60 - l. Let b = 35 - t. What is the remainder when b is divided by 12?
5
Let j(s) = s**2 + 19*s - 115. Suppose 2*t = 11*t - 243. What is the remainder when j(-27) is divided by t?
20
Let c(k) = -2*k + 2. Calculate the remainder when ((-6)/(-9)*2)/((-58)/(-3683)*(-10)/(-15)) is divided by c(-3).
7
Suppose -5*k - 3*f = -275, 0 = 4*k - 3*k + 3*f - 55. Suppose 0 = 3*q + 15, -110 = -5*u - 0*q + 5*q. What is the remainder when k is divided by u?
4
Suppose 0 = -5*n + 2*l + 2469, -9*l + 480 = n - 14*l. What is the remainder when n is divided by 56?
47
Calculate the remainder when 4337 is divided by ((-2)/4)/((-70)/2800).
17
Suppose 8*a = 17*a + 396. What is the remainder when 172 is divided by 3 - (-3)/((-12)/28) - a?
12
Let y(o) = 2*o**2 + 37*o + 25. Let q = 53 - 38. Calculate the remainder when y(-20) is divided by q.
10
Let n(g) = 34*g - 21. Let x be n(2). Suppose 5*d = -3*o + x, d = -0*d - o + 11. What is the remainder when 23 is divided by d?
2
Let t be 4 - ((-3)/(-1) - 4). Suppose 6*j - 2*j - 5*w - 204 = 0, 250 = t*j - 5*w. Calculate the remainder when j is divided by ((-1)/(-2))/(2088/160 + -13).
6
Suppose -5*u + 313 + 20 = -3*z, -187 = -3*u + 5*z. Suppose 121 = 19*k - u. What is the remainder when 50 is divided by k?
0
Calculate the remainder when 2/(-6) - ((-2)/9)/((-8)/(-16788)) is divided by 130.
76
Suppose -1091 - 966 = -15*y + 343. What is the remainder when 6239 is divided by y?
159
Suppose 114*s - 113*s - 5*v - 9 = 0, 45 = 5*s + 4*v. Let c be -3 + (145 - 1) + 1. Suppose 4*u = -10 + c. What is the remainder when u is divided by s?
6
Let v(o) = -130*o - 2812. Calculate the remainder when v(-44) is divided by 324.
316
Suppose -3 = -5*j + 2, -3*o - 5*j + 5 = 0. Let b(m) = 5*m**3 - 5*m**2 + 16*m - 3. Calculate the remainder when b(2) is divided by (0 - o/2) + 25.
24
Suppose -4*q + 663 = 5*f, -546*f - q - 374 = -549*f. Calculate the remainder when f is divided by 35.
22
Let i = 1185 + -1180. Calculate the remainder when 561 is divided by i.
1
Suppose -3*c - 53 = -119. Suppose -62 = -2*h - 2*k, 4*h - 23*k + c*k = 99. Calculate the remainder when 359 is divided by h.
21
Let v = 677 + -672. Suppose t - 4*m = -t + 398, v*t = m + 1013. Calculate the remainder when t is divided by 69.
65
Suppose -5*u = -4*t + 81, 5*t - 63 = -2*u + 63. Suppose -41*x = -44*x + t. Calculate the remainder when 52 is divided by x.
4
Suppose 2829 = 25*f - 2*f. What is the remainder when 385 is divided by f?
16
Let u(q) = q + 1. Let i(z) = 10*z + 65. Let t(g) = i(g) - 6*u(g). Calculate the remainder when 56 is divided by t(-11).
11
Let s(p) = -2*p**3 + 5*p**2 + 147*p - 55. Calculate the remainder when 375 is divided by s(-8).
36
Let i(a) be the first derivative of -5/3*a**3 + 1/4*a**4 - 6 + 6*a - 5/2*a**2. Calculate the remainder when i(6) is divided by 7.
5
Let d(h) = -4*h**3 + 22*h**2 + 120*h - 494. Let r(l) = l + 4. Let c be r(-3). What is the remainder when d(4) is divided by (c/(-1) + 8)*3?
19
Let i(v) = 2*v**2 + 94*v + 1047. What is the remainder when 967 is divided by i(-18)?
1
Suppose 0 = -436*v + 440*v + 88. Suppose 117 = -3*m + 3*o, -83 = 4*m + 4*o + 113. What is the remainder when 4/v - 140/m is divided by 3?
0
Let q be (-82)/287 - 1938/(-21). Let b be ((-1)/(2/(-16)))/2. Suppose -b*l + 3*y = 2*y - 284, -l + q = 5*y. What is the remainder when l is divided by 37?
35
Suppose -27*b + 38*b - 132 = 0. Let q(c) = -8*c + 14. What is the remainder when q(0) is divided by b?
2
Suppose -41*z - 634724 = -469*z. What is the remainder when z is divided by 493?
4
Let x(h) = -13*h + 182. Calculate the remainder when x(6) is divided by 54.
50
Calculate the remainder when 11/(-44) + (-65739)/(-12)